{"id":23,"date":"2025-01-24T13:51:03","date_gmt":"2025-01-24T13:51:03","guid":{"rendered":"https:\/\/linx.ma\/?page_id=23"},"modified":"2025-01-31T01:26:24","modified_gmt":"2025-01-31T01:26:24","slug":"audiologie-2","status":"publish","type":"page","link":"https:\/\/linx.ma\/index.php\/audiologie-2\/","title":{"rendered":"Audiologie"},"content":{"rendered":"\t\t<div data-elementor-type=\"wp-page\" data-elementor-id=\"23\" class=\"elementor elementor-23\" data-elementor-post-type=\"page\">\n\t\t\t\t<div class=\"elementor-element elementor-element-04d07a3 e-flex e-con-boxed e-con e-parent\" data-id=\"04d07a3\" data-element_type=\"container\">\n\t\t\t\t\t<div class=\"e-con-inner\">\n\t\t\t\t<div class=\"elementor-element elementor-element-d952088 elementor-grid-3 elementor-grid-tablet-3 elementor-grid-mobile-2 elementor-products-grid elementor-wc-products elementor-widget elementor-widget-wc-categories\" data-id=\"d952088\" data-element_type=\"widget\" data-widget_type=\"wc-categories.default\">\n\t\t\t\t<div class=\"elementor-widget-container\">\n\t\t\t\t\t<div class=\"woocommerce columns-3\"><ul class=\"products elementor-grid columns-3\">\n<li class=\"product-category product first\">\n\t<a aria-label=\"Acc\u00e9der \u00e0 la cat\u00e9gorie de produits Protheses auditive et accessoires\" href=\"https:\/\/linx.ma\/index.php\/categorie-produit\/audiologie\/protheses-auditive-et-accessoires\/\"><img fetchpriority=\"high\" decoding=\"async\" src=\"https:\/\/linx.ma\/wp-content\/uploads\/2025\/01\/Design-sans-titre-9-350x350.png\" alt=\"Protheses auditive et accessoires\" width=\"350\" height=\"350\" srcset=\"https:\/\/linx.ma\/wp-content\/uploads\/2025\/01\/Design-sans-titre-9-350x350.png 350w, https:\/\/linx.ma\/wp-content\/uploads\/2025\/01\/Design-sans-titre-9-100x100.png 100w, https:\/\/linx.ma\/wp-content\/uploads\/2025\/01\/Design-sans-titre-9-300x300.png 300w, https:\/\/linx.ma\/wp-content\/uploads\/2025\/01\/Design-sans-titre-9-150x150.png 150w, https:\/\/linx.ma\/wp-content\/uploads\/2025\/01\/Design-sans-titre-9.png 500w\" sizes=\"(max-width: 350px) 100vw, 350px\" \/>\t\t<h2 class=\"woocommerce-loop-category__title\">\n\t\t\tProtheses auditive et accessoires\t\t<\/h2>\n\t\t<\/a><\/li>\n<li class=\"product-category product\">\n\t<a aria-label=\"Acc\u00e9der \u00e0 la cat\u00e9gorie de produits Pile\" href=\"https:\/\/linx.ma\/index.php\/categorie-produit\/audiologie\/pile\/\"><img decoding=\"async\" src=\"https:\/\/linx.ma\/wp-content\/uploads\/2025\/01\/WhatsApp-Image-2025-01-31-a-01.10.49_f0dc8baa-350x350.jpg\" alt=\"Pile\" width=\"350\" height=\"350\" srcset=\"https:\/\/linx.ma\/wp-content\/uploads\/2025\/01\/WhatsApp-Image-2025-01-31-a-01.10.49_f0dc8baa-350x350.jpg 350w, https:\/\/linx.ma\/wp-content\/uploads\/2025\/01\/WhatsApp-Image-2025-01-31-a-01.10.49_f0dc8baa-100x100.jpg 100w, https:\/\/linx.ma\/wp-content\/uploads\/2025\/01\/WhatsApp-Image-2025-01-31-a-01.10.49_f0dc8baa-800x800.jpg 800w, https:\/\/linx.ma\/wp-content\/uploads\/2025\/01\/WhatsApp-Image-2025-01-31-a-01.10.49_f0dc8baa-300x300.jpg 300w, https:\/\/linx.ma\/wp-content\/uploads\/2025\/01\/WhatsApp-Image-2025-01-31-a-01.10.49_f0dc8baa-1024x1024.jpg 1024w, https:\/\/linx.ma\/wp-content\/uploads\/2025\/01\/WhatsApp-Image-2025-01-31-a-01.10.49_f0dc8baa-150x150.jpg 150w, https:\/\/linx.ma\/wp-content\/uploads\/2025\/01\/WhatsApp-Image-2025-01-31-a-01.10.49_f0dc8baa-768x768.jpg 768w, https:\/\/linx.ma\/wp-content\/uploads\/2025\/01\/WhatsApp-Image-2025-01-31-a-01.10.49_f0dc8baa.jpg 1280w\" sizes=\"(max-width: 350px) 100vw, 350px\" \/>\t\t<h2 class=\"woocommerce-loop-category__title\">\n\t\t\tPile <mark class=\"count\">(4)<\/mark>\t\t<\/h2>\n\t\t<\/a><\/li>\n<li class=\"product-category product last\">\n\t<a aria-label=\"Acc\u00e9der \u00e0 la cat\u00e9gorie de produits Materiel d\u2019atelier et prise\u00a0d\u2019empreinte\" href=\"https:\/\/linx.ma\/index.php\/categorie-produit\/audiologie\/materiel-datelier-et-prise-dempreinte\/\"><img decoding=\"async\" src=\"https:\/\/linx.ma\/wp-content\/uploads\/woocommerce-placeholder-350x350.png\" alt=\"Materiel d\u2019atelier et prise\u00a0d\u2019empreinte\" width=\"350\" height=\"350\" \/>\t\t<h2 class=\"woocommerce-loop-category__title\">\n\t\t\tMateriel d\u2019atelier et prise\u00a0d\u2019empreinte\t\t<\/h2>\n\t\t<\/a><\/li>\n<\/ul>\n<\/div>\t\t\t\t<\/div>\n\t\t\t\t<\/div>\n\t\t\t\t<div class=\"elementor-element elementor-element-7910599 elementor-widget-divider--view-line elementor-widget elementor-widget-divider\" data-id=\"7910599\" data-element_type=\"widget\" data-widget_type=\"divider.default\">\n\t\t\t\t<div class=\"elementor-widget-container\">\n\t\t\t\t\t\t\t<div class=\"elementor-divider\">\n\t\t\t<span class=\"elementor-divider-separator\">\n\t\t\t\t\t\t<\/span>\n\t\t<\/div>\n\t\t\t\t\t\t<\/div>\n\t\t\t\t<\/div>\n\t\t\t\t\t<\/div>\n\t\t\t\t<\/div>\n\t\t\t\t<\/div>\n\t\t","protected":false},"excerpt":{"rendered":"","protected":false},"author":1,"featured_media":0,"parent":0,"menu_order":0,"comment_status":"closed","ping_status":"closed","template":"","meta":{"footnotes":""},"class_list":["post-23","page","type-page","status-publish","hentry"],"_links":{"self":[{"href":"https:\/\/linx.ma\/index.php\/wp-json\/wp\/v2\/pages\/23","targetHints":{"allow":["GET"]}}],"collection":[{"href":"https:\/\/linx.ma\/index.php\/wp-json\/wp\/v2\/pages"}],"about":[{"href":"https:\/\/linx.ma\/index.php\/wp-json\/wp\/v2\/types\/page"}],"author":[{"embeddable":true,"href":"https:\/\/linx.ma\/index.php\/wp-json\/wp\/v2\/users\/1"}],"replies":[{"embeddable":true,"href":"https:\/\/linx.ma\/index.php\/wp-json\/wp\/v2\/comments?post=23"}],"version-history":[{"count":16,"href":"https:\/\/linx.ma\/index.php\/wp-json\/wp\/v2\/pages\/23\/revisions"}],"predecessor-version":[{"id":577,"href":"https:\/\/linx.ma\/index.php\/wp-json\/wp\/v2\/pages\/23\/revisions\/577"}],"wp:attachment":[{"href":"https:\/\/linx.ma\/index.php\/wp-json\/wp\/v2\/media?parent=23"}],"curies":[{"name":"wp","href":"https:\/\/api.w.org\/{rel}","templated":true}]}}