{"id":313,"date":"2025-01-26T19:29:25","date_gmt":"2025-01-26T19:29:25","guid":{"rendered":"https:\/\/linx.ma\/?post_type=product&#038;p=313"},"modified":"2025-02-01T16:06:24","modified_gmt":"2025-02-01T16:06:24","slug":"fee-du-sommeil","status":"publish","type":"product","link":"https:\/\/linx.ma\/index.php\/produit\/fee-du-sommeil\/","title":{"rendered":"F\u00e9e du sommeil"},"content":{"rendered":"<p>L&rsquo;appareil de surveillance du sommeil VentMed est un tout nouveau syst\u00e8me de diagnostic intelligent pour les troubles du sommeil et l&rsquo;apn\u00e9e du sommeil, adapt\u00e9 aux cliniques, aux h\u00f4pitaux, aux centres du sommeil, aux \u00e9tudes \u00e0 domicile et au d\u00e9pistage du syndrome d&rsquo;apn\u00e9e du sommeil (SAS).<\/p>\n","protected":false},"excerpt":{"rendered":"<p>L&rsquo;appareil de surveillance du sommeil VentMed est un tout nouveau syst\u00e8me de diagnostic intelligent pour les troubles du sommeil et l&rsquo;apn\u00e9e du sommeil, adapt\u00e9 aux cliniques, aux h\u00f4pitaux, aux centres du sommeil, aux \u00e9tudes \u00e0 domicile et au d\u00e9pistage du syndrome d&rsquo;apn\u00e9e du sommeil (SAS).<\/p>\n","protected":false},"featured_media":314,"comment_status":"open","ping_status":"closed","template":"","meta":[],"product_brand":[],"product_cat":[21,28],"product_tag":[],"class_list":{"0":"post-313","1":"product","2":"type-product","3":"status-publish","4":"has-post-thumbnail","6":"product_cat-apnee-de-sommeil","7":"product_cat-diagnostic","9":"first","10":"instock","11":"shipping-taxable","12":"purchasable","13":"product-type-simple"},"_links":{"self":[{"href":"https:\/\/linx.ma\/index.php\/wp-json\/wp\/v2\/product\/313","targetHints":{"allow":["GET"]}}],"collection":[{"href":"https:\/\/linx.ma\/index.php\/wp-json\/wp\/v2\/product"}],"about":[{"href":"https:\/\/linx.ma\/index.php\/wp-json\/wp\/v2\/types\/product"}],"replies":[{"embeddable":true,"href":"https:\/\/linx.ma\/index.php\/wp-json\/wp\/v2\/comments?post=313"}],"version-history":[{"count":1,"href":"https:\/\/linx.ma\/index.php\/wp-json\/wp\/v2\/product\/313\/revisions"}],"predecessor-version":[{"id":710,"href":"https:\/\/linx.ma\/index.php\/wp-json\/wp\/v2\/product\/313\/revisions\/710"}],"wp:featuredmedia":[{"embeddable":true,"href":"https:\/\/linx.ma\/index.php\/wp-json\/wp\/v2\/media\/314"}],"wp:attachment":[{"href":"https:\/\/linx.ma\/index.php\/wp-json\/wp\/v2\/media?parent=313"}],"wp:term":[{"taxonomy":"product_brand","embeddable":true,"href":"https:\/\/linx.ma\/index.php\/wp-json\/wp\/v2\/product_brand?post=313"},{"taxonomy":"product_cat","embeddable":true,"href":"https:\/\/linx.ma\/index.php\/wp-json\/wp\/v2\/product_cat?post=313"},{"taxonomy":"product_tag","embeddable":true,"href":"https:\/\/linx.ma\/index.php\/wp-json\/wp\/v2\/product_tag?post=313"}],"curies":[{"name":"wp","href":"https:\/\/api.w.org\/{rel}","templated":true}]}}